 14, what is -6298d - 7?
-62996
In base 8, what is -50614 + 1046?
-47546
In base 5, what is 2330222 - -1304?
2332031
In base 5, what is -141240 + 10031?
-131204
In base 9, what is -5 - -16154655?
16154650
In base 11, what is 3a + -216715?
-216686
In base 7, what is -265 - 2160006?
-2160304
In base 5, what is 33001411 + 31?
33001442
In base 8, what is 145 + -13213063?
-13212716
In base 8, what is 27 + -27220202?
-27220153
In base 4, what is -3321112323303 + -2?
-3321112323311
In base 14, what is -1b + -a33db?
-a3418
In base 6, what is 2003 + -15512304?
-15510301
In base 14, what is 1 - 11043d0?
-11043cd
In base 11, what is 59 - 4a131?
-4a083
In base 6, what is 5 + -3152415?
-3152410
In base 16, what is -3c3e - -129?
-3b15
In base 11, what is -50448 + 1857?
-496a1
In base 11, what is -305a - -14468?
11409
In base 10, what is -1284082 + -534?
-1284616
In base 5, what is 4 - 144240333?
-144240324
In base 6, what is -324 + 4151520?
4151152
In base 4, what is 0 + -233310020101?
-233310020101
In base 7, what is -6506561 - -35?
-6506523
In base 3, what is -101201221 - -22102?
-101102112
In base 4, what is -333130 - 31320023?
-32313213
In base 16, what is 6f9b + -1e0?
6dbb
In base 16, what is d32d9dc + -2?
d32d9da
In base 10, what is 13173187 - 0?
13173187
In base 7, what is 11522016 + -1?
11522015
In base 14, what is 3c621a + 1?
3c621b
In base 9, what is -25 - -12756767?
12756742
In base 6, what is 105315 + 31523?
141242
In base 2, what is -11011011 + -11010110001010111100?
-11010110001110010111
In base 2, what is 101101001010000001000 + -1000101?
101101001001111000011
In base 16, what is -14a379 + -3?
-14a37c
In base 2, what is -1010100 - -1101110110100000?
1101110101001100
In base 5, what is -124122043402 - 4?
-124122043411
In base 16, what is -61 + 52e44?
52de3
In base 11, what is -89751a8a - -3?
-89751a87
In base 13, what is -920 - -2308c?
2246c
In base 5, what is -30132230434 + 0?
-30132230434
In base 6, what is -113113 - -2014?
-111055
In base 5, what is -222011203 - -22?
-222011131
In base 4, what is -2023 + -1320331320?
-1321000003
In base 8, what is -3050 + 1505?
-1343
In base 15, what is -3a5791 - -20?
-3a5771
In base 5, what is 2414111121 + -2?
2414111114
In base 15, what is -bbd6a9 - -4?
-bbd6a5
In base 15, what is -3 + 2cbd05?
2cbd02
In base 13, what is -388b0 + -30?
-38910
In base 10, what is -3342651 + -15?
-3342666
In base 12, what is 936b5347 + -4?
936b5343
In base 14, what is 0 - 57a2c92?
-57a2c92
In base 13, what is 2 - -1773227?
1773229
In base 6, what is 1 + 30321211442?
30321211443
In base 4, what is 20200001 - -12332?
20212333
In base 7, what is 11213335 - -4?
11213342
In base 16, what is 211 - 21d85?
-21b74
In base 4, what is 0 - -130233211112?
130233211112
In base 11, what is 302896 - 185?
302711
In base 8, what is -54703 - 104?
-55007
In base 4, what is 123 - 1103002211?
-1103002022
In base 3, what is -210112222121020 - 2?
-210112222121022
In base 4, what is 1103113 - -1102013?
2211132
In base 13, what is 1a5507 - 15?
1a54c2
In base 2, what is 1100010100011101 + 11110111?
1100011000010100
In base 11, what is 77 + 118631?
1186a8
In base 15, what is -3 + -7be0bd?
-7be0c1
In base 16, what is -8a5 + -367?
-c0c
In base 2, what is 111111001111 - -1100001011001111?
1101001010011110
In base 12, what is 3211022 - 15?
3211009
In base 15, what is 3 - -2ca8b54?
2ca8b57
In base 10, what is 61 - 70587?
-70526
In base 5, what is -1 + -314041113204?
-314041113210
In base 11, what is 115a + 4860?
5a0a
In base 3, what is -11011120102 - 1212?
-11011122021
In base 8, what is -7 + -73533373?
-73533402
In base 9, what is -105203 + -15?
-105218
In base 13, what is 2406 + -1447?
c8c
In base 13, what is -c6 + -2b728?
-2b821
In base 3, what is -1020 - -10011110111000?
10011110102210
In base 3, what is -12 - 1012001222001220?
-1012001222002002
In base 7, what is 216 - 361545?
-361326
In base 3, what is -222101001120221 + -2?
-222101001121000
In base 7, what is 21 - -2635651?
2636002
In base 13, what is bcbb6 - 20?
bcb96
In base 4, what is 101203230222110 - -11?
101203230222121
In base 11, what is 4 + -79439835?
-79439831
In base 8, what is -14 - 51714156?
-51714172
In base 8, what is 1607 - 2120277?
-2116470
In base 3, what is 211200020121211020 - 10?
211200020121211010
In base 9, what is 1 - 8813282?
-8813281
In base 5, what is -13122 + -110300410?
-110314032
In base 16, what is e + 58c2e?
58c3c
In base 7, what is 3046 + 1666365?
2002444
In base 2, what is -1011010110011110000100110 - 0?
-1011010110011110000100110
In base 3, what is -2001111201211001 - 1?
-2001111201211002
In base 5, what is 2 - 1404121010?
-1404121003
In base 7, what is 60431612620 - -5?
60431612625
In base 7, what is 111 - 10636024?
-10635613
In base 16, what is 1739 + 349?
1a82
In base 5, what is 3233 - -113410?
122143
In base 3, what is 11 - -101012101102212?
101012101110000
In base 11, what is a5088185 - 5?
a5088180
In base 2, what is 1100100100001000010111111 + -11?
1100100100001000010111100
In base 15, what is 1 - 126e95bd?
-126e95bc
In base 6, what is -2035520 - 25244?
-2105204
In base 7, what is 11635321 - -1152?
11636503
In base 15, what is -13 + -4d599?
-4d5ac
In base 5, what is -242444032042 - -1?
-242444032041
In base 9, what is 204441017 - -14?
204441032
In base 13, what is -271 - c4c6c?
-c5210
In base 2, what is -11111010011 - 101010111011?
-1001010001110
In base 9, what is 5 + 3222670?
3222675
In base 10, what is 140 - -14014021?
14014161
In base 12, what is -81 + 4a985?
4a904
In base 2, what is -100 - 10011000110100011100?
-10011000110100100000
In base 12, what is -18a - -2ba27?
2b859
In base 6, what is 1 - 35410102?
-35410101
In base 7, what is -1 + 15165613?
15165612
In base 8, what is 177 + 61752?
62151
In base 9, what is -66346 + -3680?
-71136
In base 16, what is 4 - -174d3?
174d7
In base 11, what is 63 - -3638658?
3638710
In base 14, what is -7aa4 + -1ca?
-7c90
In base 7, what is -26451250 - -4?
-26451243
In base 14, what is -9 + -14b3d6?
-14b401
In base 3, what is -12000201110 + -110010?
-12001011120
In base 15, what is 0 - 9613a?
-9613a
In base 8, what is 1343 + 454?
2017
In base 11, what is 101a78 + 57?
102024
In base 13, what is -12119ab + 10?
-121199b
In base 10, what is 4550379 + -32?
4550347
In base 6, what is -2 + 31334445000?
31334444554
In base 5, what is 1040434001 + -4?
1040433442
In base 13, what is -aab4c04 - -2?
-aab4c02
In base 12, what is -8a2 + -2209b?
-22981
In base 8, what is -220 + 36041?
35621
In base 9, what is -117358 - -2762?
-114486
In base 16, what is f67 + 605a?
6fc1
In base 9, what is 38273 + -84?
38178
In base 14, what is 10b0 + -a46?
468
In base 12, what is 51 - -140639?
14068a
In base 3, what is -11 + 1002020120101112?
1002020120101101
In base 3, what is 101211002102 - 212?
101211001120
In base 15, what is 5c693 + 22?
5c6b5
In base 4, what is -112 - 100203330323?
-100203331101
In base 9, what is -2061885 - 7?
-2062003
In base 5, what is 40441304414 + -3?
40441304411
In base 16, what is 108f4d9 - -1?
108f4da
In base 7, what is -4026634 + 14?
-4026620
In base 5, what is -10 - 2204213403?
-2204213413
In base 7, what is 250222646 + 5?
250222654
In base 13, what is -760a75 + 2?
-760a73
In base 11, what is -11375 + 25944?
1457a
In base 6, what is -332413 + -153?
-333010
In base 11, what is 108 + -33a2709?
-33a2601
In base 7, what is -1060422 - -432?
-1056660
In base 8, what is 1713125 + -274?
1712631
In base 7, what is 162504023 + -5?
162504015
In base 2, what is -1010000010000 - 10010001001?
-1100010011001
In base 9, what is -2 - -402061056?
402061054
In base 2, what is -101 - 11111111000010010011110010?
-11111111000010010011110111
In base 5, what is 0 - -1222104143?
1222104143
In base 9, what is -82 - 327188?
-327281
In base 5, what is -1244204212 + -11?
-1244204223
In base 11, what is -10485 + 302?
-10183
In base 8, what is -675643263 + -4?
-675643267
In base 13, what is -28c301 - 69?
-28c36a
In base 11, what is 3001a016 - -3?
3001a019
In base 4, what is 13221 + -130031031?
-130011210
In base 2, what is -10110110010110 - 10001011111101?
-101000010010011
In base 2, what is -11 + 100101010111110100010011011?
100101010111110100010011000
In base 12, what is -479aa6 + -16?
-479b00
In base 13, what is 636c + b76?
7215
In base 9, what i